{"id":229,"date":"2014-01-05T21:35:11","date_gmt":"2014-01-05T19:35:11","guid":{"rendered":"http:\/\/schloss-reinhardsbrunn.de\/?page_id=229"},"modified":"2014-01-05T21:35:20","modified_gmt":"2014-01-05T19:35:20","slug":"der-ahnensaal","status":"publish","type":"page","link":"http:\/\/www.schloss-reinhardsbrunn.de\/?page_id=229","title":{"rendered":"Der Ahnensaal"},"content":{"rendered":"<h1>Der Ahnensaal<\/h1>\n<p>In der Ahnengalerie von Schlo\u00df Reinhardsbrunn bei Friedrichroda werden th\u00fcringische Herrscher<br \/>\naus sechs Jahrhunderten am Orte ihrer urspr\u00fcnglichen Grablegung bildlich dargestellt.<br \/>\nDieser Saal befindet sich \u00fcber den drei Torb\u00f6gen.<\/p>\n<p><a href=\"http:\/\/www.schloss-reinhardsbrunn.de\/wp-content\/uploads\/2014\/01\/ahnensaal-decke-klein.jpg\"><img loading=\"lazy\" decoding=\"async\" class=\"alignleft size-full wp-image-17\" alt=\"ahnensaal-decke-klein\" src=\"http:\/\/www.schloss-reinhardsbrunn.de\/wp-content\/uploads\/2014\/01\/ahnensaal-decke-klein.jpg\" width=\"217\" height=\"150\" \/><\/a> <a href=\"http:\/\/www.schloss-reinhardsbrunn.de\/wp-content\/uploads\/2014\/01\/ahnensaal-klein.jpg\"><img loading=\"lazy\" decoding=\"async\" class=\"alignleft  wp-image-18\" style=\"margin-right: 20px; margin-left: 20px;\" alt=\"ahnensaal-klein\" src=\"http:\/\/www.schloss-reinhardsbrunn.de\/wp-content\/uploads\/2014\/01\/ahnensaal-klein.jpg\" width=\"151\" height=\"216\" \/><\/a> <a href=\"http:\/\/www.schloss-reinhardsbrunn.de\/wp-content\/uploads\/2014\/01\/ahnensaal-klein-2.jpg\"><img loading=\"lazy\" decoding=\"async\" class=\"alignleft size-medium wp-image-19\" alt=\"ahnensaal-klein-2\" src=\"http:\/\/www.schloss-reinhardsbrunn.de\/wp-content\/uploads\/2014\/01\/ahnensaal-klein-2.jpg\" width=\"216\" height=\"150\" \/><\/a><\/p>\n","protected":false},"excerpt":{"rendered":"<p>Der Ahnensaal In der Ahnengalerie von Schlo\u00df Reinhardsbrunn bei Friedrichroda werden th\u00fcringische Herrscher aus sechs Jahrhunderten am Orte ihrer urspr\u00fcnglichen Grablegung bildlich dargestellt. Dieser Saal befindet sich \u00fcber den drei Torb\u00f6gen.<\/p>\n","protected":false},"author":1,"featured_media":0,"parent":6,"menu_order":2,"comment_status":"closed","ping_status":"closed","template":"","meta":{"jetpack_post_was_ever_published":false,"footnotes":""},"jetpack_sharing_enabled":true,"jetpack_shortlink":"https:\/\/wp.me\/P7Upjq-3H","_links":{"self":[{"href":"http:\/\/www.schloss-reinhardsbrunn.de\/index.php?rest_route=\/wp\/v2\/pages\/229"}],"collection":[{"href":"http:\/\/www.schloss-reinhardsbrunn.de\/index.php?rest_route=\/wp\/v2\/pages"}],"about":[{"href":"http:\/\/www.schloss-reinhardsbrunn.de\/index.php?rest_route=\/wp\/v2\/types\/page"}],"author":[{"embeddable":true,"href":"http:\/\/www.schloss-reinhardsbrunn.de\/index.php?rest_route=\/wp\/v2\/users\/1"}],"replies":[{"embeddable":true,"href":"http:\/\/www.schloss-reinhardsbrunn.de\/index.php?rest_route=%2Fwp%2Fv2%2Fcomments&post=229"}],"version-history":[{"count":1,"href":"http:\/\/www.schloss-reinhardsbrunn.de\/index.php?rest_route=\/wp\/v2\/pages\/229\/revisions"}],"predecessor-version":[{"id":230,"href":"http:\/\/www.schloss-reinhardsbrunn.de\/index.php?rest_route=\/wp\/v2\/pages\/229\/revisions\/230"}],"up":[{"embeddable":true,"href":"http:\/\/www.schloss-reinhardsbrunn.de\/index.php?rest_route=\/wp\/v2\/pages\/6"}],"wp:attachment":[{"href":"http:\/\/www.schloss-reinhardsbrunn.de\/index.php?rest_route=%2Fwp%2Fv2%2Fmedia&parent=229"}],"curies":[{"name":"wp","href":"https:\/\/api.w.org\/{rel}","templated":true}]}}

<h1>Der Ahnensaal</h1>
<p>In der Ahnengalerie von Schloß Reinhardsbrunn bei Friedrichroda werden thüringische Herrscher<br />
aus sechs Jahrhunderten am Orte ihrer ursprünglichen Grablegung bildlich dargestellt.<br />
Dieser Saal befindet sich über den drei Torbögen.</p>
<p><a href="http://www.schloss-reinhardsbrunn.de/wp-content/uploads/2014/01/ahnensaal-decke-klein.jpg"><img loading="lazy" decoding="async" class="alignleft size-full wp-image-17" alt="ahnensaal-decke-klein" src="http://www.schloss-reinhardsbrunn.de/wp-content/uploads/2014/01/ahnensaal-decke-klein.jpg" width="217" height="150" /></a> <a href="http://www.schloss-reinhardsbrunn.de/wp-content/uploads/2014/01/ahnensaal-klein.jpg"><img loading="lazy" decoding="async" class="alignleft  wp-image-18" style="margin-right: 20px; margin-left: 20px;" alt="ahnensaal-klein" src="http://www.schloss-reinhardsbrunn.de/wp-content/uploads/2014/01/ahnensaal-klein.jpg" width="151" height="216" /></a> <a href="http://www.schloss-reinhardsbrunn.de/wp-content/uploads/2014/01/ahnensaal-klein-2.jpg"><img loading="lazy" decoding="async" class="alignleft size-medium wp-image-19" alt="ahnensaal-klein-2" src="http://www.schloss-reinhardsbrunn.de/wp-content/uploads/2014/01/ahnensaal-klein-2.jpg" width="216" height="150" /></a></p>

<p>Der Ahnensaal In der Ahnengalerie von Schloß Reinhardsbrunn bei Friedrichroda werden thüringische Herrscher aus sechs Jahrhunderten am Orte ihrer ursprünglichen Grablegung bildlich dargestellt. Dieser Saal befindet sich über den drei Torbögen.</p>
